 - j**2/2 + 23*j + 2. List the prime factors of k(i).
3, 5
List the prime factors of (9/(27/11568))/2.
2, 241
Let b(d) = -3*d + 15. Let g be b(6). Let w(t) = 162*t**2 + 3*t - 1. Let m be w(g). What are the prime factors of m/36 + (-4)/18?
2, 5
List the prime factors of (-3080)/(5 + -1)*(-5)/10.
5, 7, 11
Let u(g) = -9*g - 1. Let f(j) = j + 1. Let q(i) = 5*f(i) + u(i). Let w be (-76)/13 - (18/39)/3. What are the prime factors of q(w)?
2, 7
Suppose u + 4*u + 3*t - 889 = 0, -897 = -5*u + t. What are the prime factors of u?
179
Suppose 618 = 8*m - 3*m + 2*j, 0 = 3*m - 3*j - 354. Suppose -26 = -4*y + m. List the prime factors of y.
37
Let j = 1597 - 213. List the prime factors of j.
2, 173
Let p be -133*1*(-4 - 0 - -5). Let z = -82 - p. List the prime factors of z.
3, 17
Let c(r) = 5*r**3 - 9*r**2 + 27*r - 2. List the prime factors of c(5).
13, 41
Let r be (12/(-10))/((-18)/60). Suppose 7*t - 17 - 18 = 0. Suppose -75 = 5*y - t*q - 210, 0 = -r*q - 20. List the prime factors of y.
2, 11
Suppose -5*h - 72 - 46 = -2*p, 16 = 4*p. Let b(m) = m**2 - 12*m + 12. Let k be b(11). Let w = k - h. List the prime factors of w.
23
Suppose 189 = 2*d - 3*d. Let s = 337 + d. List the prime factors of s.
2, 37
Let h(m) = m**3 - 16*m**2 + 19*m + 6. Let l be (-1)/2 - 186/(-12). List the prime factors of h(l).
2, 3, 11
Suppose 5407 = 9*h - 9137. What are the prime factors of h?
2, 101
Let l = 325 + -237. List the prime factors of l.
2, 11
What are the prime factors of 5 + 3 + 1 - -456?
3, 5, 31
Let i = 5625 + -327. What are the prime factors of i?
2, 3, 883
Suppose 2*c - 60 = -g, 5*c = 5*g - 18 - 342. What are the prime factors of g?
2, 17
Let z(l) = -4*l**3 + l**2 + l + 1. Let f be z(-1). Suppose -2*p = -f*i + 355, -3*p + 97 = i + 9. What are the prime factors of i?
73
Let n = -15 + 20. Suppose 0 = n*k - u + 439, u + 178 = -2*k - u. Let x = -61 - k. What are the prime factors of x?
3
Suppose -4*p + 5224 = 3*r, 0 = -4*p + 10*r - 12*r + 5228. List the prime factors of p.
7, 11, 17
Let k = -13 - -17. Suppose 60 = k*v - 4. Suppose -5*b + 6*t - t = -110, 0 = 4*t + v. List the prime factors of b.
2, 3
Suppose -21*a = -13*a + 3296. What are the prime factors of a/(-2) + 1 + 3 - 0?
2, 3, 5, 7
Let a = 32 - 28. Suppose j + a*t - 20 - 44 = 0, 0 = 2*t. List the prime factors of j.
2
Let r be 1/7 - 25008/(-168). Suppose -49*h + 50*h - r = 0. What are the prime factors of h?
149
Suppose -s = 4*j - 1725, -5*j + 2*s = 6*s - 2170. List the prime factors of (-1)/(1 - j/425).
5, 17
Let n(q) = q**3 - 7*q**2 + 2*q - 9. Suppose 4*c - 4*h = 0, 3 = 2*h - 5*h. Let w = c + 8. What are the prime factors of n(w)?
5
Suppose -5*a - 4*r = -3673, -3*a + r + 289 = -1908. What are the prime factors of a?
733
Let o = -699 - -1134. List the prime factors of o.
3, 5, 29
Let d(u) = 1. Let m(l) = 7*l + 21. Let c(f) = 2*d(f) + m(f). Let s be c(-15). What are the prime factors of (13/13)/((-2)/s)?
41
Suppose 17 = 2*m - u - 14, 4*u = -20. Let d = 21 + m. What are the prime factors of d?
2, 17
Suppose -l + 3*x = 2*x - 5, -20 = -l + 4*x. Let h be -4*(l + 52/(-8)). Suppose -b = -2*b + h. What are the prime factors of b?
2, 13
Suppose -2*s + 4 + 2 = 0. Let p(x) = 8*x - 5. Let q be p(s). Suppose -j + q = -4. What are the prime factors of j?
23
Let t = 4006 - 1883. What are the prime factors of t?
11, 193
Let l(a) = -110*a**3 + 13*a**2 + 21*a - 4. What are the prime factors of l(-2)?
2, 443
Suppose -3*f - 12 = 0, -3331 = -18*z + 13*z + 4*f. List the prime factors of z.
3, 13, 17
Suppose -4 - 2 = -2*u, -2*s + 488 = -2*u. What are the prime factors of s?
13, 19
Let y(n) = -1855*n - 258. What are the prime factors of y(-2)?
2, 863
Let x = 22 - -52. Let c = -8 + x. List the prime factors of c.
2, 3, 11
Let r(w) = -170*w - 146. List the prime factors of r(-7).
2, 3, 29
Suppose 42*n = 27273 + 61263. List the prime factors of n.
2, 17, 31
Let i(w) = w**3 - 7*w**2 + 8*w - 9. Let x be i(6). Suppose -x*m - 2*m + 45 = 0. Let l(u) = u**2 - 7*u - 8. What are the prime factors of l(m)?
2, 5
Let x = -66 - -102. Let v = 39 - x. List the prime factors of v.
3
Let f = 3621 + 1156. What are the prime factors of f?
17, 281
Suppose -c - l = 3*l + 50, -2*l = 0. List the prime factors of (40/c)/((-2)/5).
2
Let g(p) be the second derivative of p**6/360 + p**5/20 - p**4/8 + p**3/2 - 3*p. Let a(f) be the second derivative of g(f). List the prime factors of a(-8).
13
What are the prime factors of (1 - 1 - -27)/((-285)/(-15675))?
3, 5, 11
Suppose x = 5*x. Let a(i) = i**3 + i**2 + i + 2. Let o be a(x). Suppose o*n - 7 - 57 = 0. List the prime factors of n.
2
Suppose 66856 = 36*h + 25*h. List the prime factors of h.
2, 137
Suppose -4*h - 4 = -5*h. Suppose -h*j + 180 + 112 = 0. What are the prime factors of j?
73
Let d(w) = 111*w - 94. What are the prime factors of d(4)?
2, 5, 7
Suppose 0 = 3*p - 6. Suppose -2*i + 2 = 0, -p*u - 2*i - 15 = -157. List the prime factors of u.
2, 5, 7
Suppose -4*w - 26296 = -23*w. What are the prime factors of w?
2, 173
Suppose 3*v = 8 + 1. Suppose v*c - 80 = 5*c. Let n = c + 75. What are the prime factors of n?
5, 7
List the prime factors of (-4 + -108)/((-27)/(-36) + -1).
2, 7
Let v = 5 + 0. Suppose -v*m + 2*m = -156. What are the prime factors of m?
2, 13
Suppose -19 = -3*i - w, -25 = -i - 0*w - 5*w. Suppose -i*c = -5*v + 240, -c - 207 = 2*v - 6*v. List the prime factors of v.
53
Suppose -4*n = -0*n + 8. Let o = n - -5. Suppose 1 = -2*z + 3*f, -o*z - 2*z - 3*f + 50 = 0. List the prime factors of z.
7
Let a = 10 - 9. Let r be (a - (-1 + 2))/(-1). Suppose u + 3 = w + 1, r = -3*w - 2*u + 11. List the prime factors of w.
3
Let i = -6 - -6. Let f be (-189)/(-7) - (i + -1). Suppose 2*n - 16 = 2*a, -a - f = -0*n - 5*n. List the prime factors of n.
5
Suppose 5*l + 31 = n, -4*l + 5*n + 19 = -8*l. List the prime factors of ((-294)/12)/((l/4)/3).
7
Let b be (-1)/3 + (-62)/(-6). Suppose 5*r = b*r + 5. Let h = 4 - r. What are the prime factors of h?
5
Let n(y) = -y**2 + 10*y + 12. Let k(h) = -h**2 - 12*h - 12. Let l be k(-8). Let w be l/(-3)*(-18)/12. What are the prime factors of n(w)?
2, 3
Suppose -2*n = 3*n - 325. Let r = n + -23. What are the prime factors of r?
2, 3, 7
Let j be (-3 - 22/(-6))*6. Suppose 0*f - 12 = -j*f. Suppose 100 = z + f*z. What are the prime factors of z?
5
Suppose -2*k - 23 = -2*a + 15, k = 5*a - 83. List the prime factors of (3 + a/(-6))*81.
3
Suppose w = -3*w. Suppose 4*d = -w + 12. Suppose 3*r + d*n - 18 = 0, r + 2*r - 5*n = -14. What are the prime factors of r?
2
Let o(f) = -2*f - 3. Let g = 15 - 19. Let t be o(g). Suppose 4*u = t*q + 3*u - 163, -4 = -2*u. What are the prime factors of q?
3, 11
Let o be -4 - ((-135 - -4) + 4). Let k = o - 56. Let m = k - 28. What are the prime factors of m?
3, 13
Let k be -2 - 0/(3 + -2). Let m be (-3 + 0 + 3)/k. What are the prime factors of (-8 - -9)*(m + 34)?
2, 17
Let b(s) = 13*s**2 - 11*s - 47. List the prime factors of b(11).
5, 281
Suppose 271 = -5*m + 4*j, m - 188 = 5*m + 4*j. Let d = m - -115. What are the prime factors of d?
2
Let x be 2/(-1) - 1 - (-699 - -2). Suppose -3*j - 4*g - 8 + 529 = 0, 4*j - x = -5*g. List the prime factors of j.
3, 19
What are the prime factors of 1140/2 + (-6 - -9)?
3, 191
Let r(q) = -q**3 + 9*q**2 + q - 4. Let s be r(9). Suppose s*j = 2 + 18. What are the prime factors of j?
2
Let u(c) = -7*c - 3. Let s be u(2). Let p = -14 - s. What are the prime factors of 39/(5 - p - 1)?
3, 13
Let w be (6/(-15))/(1/(-60)). Suppose o - w - 24 = 0. What are the prime factors of o?
2, 3
Suppose 33*w + 10*w = 98642. What are the prime factors of w?
2, 31, 37
Suppose 128 = 6*p - 46. Let n = -25 + p. List the prime factors of n/3*459/18.
2, 17
Let c = -166 + 494. Let m = 564 - c. Suppose 4*b - 3*l = m, -2*b - 3*l + 118 = -0*l. List the prime factors of b.
59
Suppose 153 - 33 = -5*r. Let j = r + 43. List the prime factors of j.
19
Let t = -886 - -1244. Let q = t + -144. What are the prime factors of q?
2, 107
Let d = 20 + -15. Suppose 0 = d*x - 2*x - 651. Suppose -5*w + x = 12. List the prime factors of w.
41
Suppose 3*w - 4*d = 589, 4*d + 0*d = -4*w + 776. Suppose -w = -m + 6*m. Let y = m - -78. List the prime factors of y.
3, 13
Suppose -2*k - 19*k = -15330. List the prime factors of k.
2, 5, 73
Suppose -4*a - 64 = -5*q - 0*a, -4*q + 4*a = -